 - t*n**2 + n + n. Determine j(4).
-9
Let v be 2/3*(-120)/(-4). Suppose 3*f = 5*f + 3*c - 61, -64 = -2*f - 4*c. Let z = f - v. Let k(a) = -a**3 + 7*a**2 - 6*a + 1. Calculate k(z).
1
Let x(c) be the first derivative of -40 - 89*c - 21 - 13 - 4*c**2 + 91*c. What is x(4)?
-30
Let c(q) be the first derivative of -2*q**3/3 - q**2/2 - 4*q - 3. Let r(j) = j**2 - 31*j + 234. Let s be r(14). What is c(s)?
-32
Let m(n) be the third derivative of -n**6/120 + n**5/10 - n**4/8 - n**3 - 10*n**2. Let w(d) = 6*d - 199. Let p be w(34). What is m(p)?
4
Let c = -578 + 613. Suppose 32*n - 25*n - c = 0. Let d(q) = -q**2 + 9*q - 14. Give d(n).
6
Let h(m) = -2*m**2 + 3*m - 2. Suppose -246*z + 2 = l - 247*z, -31 = 2*l + 5*z. Determine h(l).
-29
Let n(o) = 11*o - 53. Let f be n(7). Suppose f*c - 5*c = 95. Let k(t) = 2*t - 1. What is k(c)?
9
Let w(x) be the second derivative of -x**5/20 + 2*x**4/3 - x**3/6 + 2*x**2 - 20168*x. Suppose -3*z = -0*z - 24. Determine w(z).
-4
Let j(s) be the second derivative of s**5/20 - s**4/2 + s**3/2 + 2*s**2 - 3*s. Let u be j(5). Let c(x) = -13 - 23 + x**2 - 20 + 50 - 5*x + 11*x. Give c(u).
-6
Let r(j) = j + 8. Suppose u - 4*b + 7 = 0, 7*b - 2*b - 30 = -3*u. Suppose -q - 36 = 5*v + 20, u*v - 2*q = -53. What is r(v)?
-3
Let l(w) be the first derivative of -w**5/20 - 5*w**4/12 - w**3/6 - 3*w**2/2 - 96*w - 12. Let j(p) be the first derivative of l(p). Calculate j(-5).
2
Let w(p) = p**2 - 11*p - 6. Let t(z) = -z**2 + 12*z + 46. Let l be t(-4). Let b be 12/(-9)*l/(-12). Let h(j) = j. Let r(i) = b*h(i) - w(i). Calculate r(8).
14
Let s(k) = 2*k**2 + 25*k - 10. Let n = 70 + -83. Let u be s(n). Let p(z) = z**3 - 4*z**2 - 1. Calculate p(u).
-10
Let k(j) be the second derivative of 11*j**3/2 - 18*j**2 - 1407*j. Calculate k(1).
-3
Let w = -230 + 250. Let i(g) = -19 + 22*g**2 + w - 18*g**2. Let t = -5 - -3. What is i(t)?
17
Let a(x) be the second derivative of x**5/20 + x**4/3 + 5*x**3/6 + 3*x**2 - 3*x. Suppose 15*d - 102*d = 348. Determine a(d).
-14
Let h = -33 - -36. Suppose 6 = 372*m - 369*m. Let o(r) = -m + 1409*r**h - 1405*r**3 + 1. Give o(-1).
-5
Let j(w) = -w**3 - 10*w**2 - w + 58. Let m be 10/145 + ((-69958)/(-406))/(-19). Give j(m).
-14
Let g(f) = -5*f**2 - 4*f + 3. Let i(t) = -9*t**2 - 7*t + 5. Let b(w) = 7*g(w) - 4*i(w). Let o(q) = -2*q**2 + 6*q - 2. Let s(z) = -b(z) - o(z). Calculate s(4).
-7
Let r(g) = -8*g - 75. Let l be r(-10). Let w(h) = -11*h + 6. Let c(a) = -13*a + 7. Let y(n) = l*w(n) - 4*c(n). What is y(-3)?
11
Let z(j) = 2*j**2 - 27*j - 17. Suppose 0 = -101*a - 29*a - 153 + 1843. Give z(a).
-30
Let q(r) = 114*r - 2. Suppose -3*v - 2*i = -9, -4*i = 4*v + 21 - 41. What is q(v)?
-116
Suppose x - 15 + 1 = 0. Let q(t) = 166*t + 0*t**2 - 58*t - t**2 - 46*t - 49*t. Determine q(x).
-14
Let n be (-6)/39 + (-2)/(-13) + 3. Let h(l) = -2*l. Let t(r) = -3*r. Let v(a) = n*t(a) - 4*h(a). Let j be (-1)/(0 - -1) - 4. What is v(j)?
5
Let d = 42 - 38. Suppose -5*v = 9 - d. Let u(l) = 268 - 267 - l - l**3 + l - 3*l**2. Calculate u(v).
-1
Let o(c) = c**3 + 6*c**2 + 8*c + 10. Let u be o(-4). Let y = 12 - u. Let n(v) = -2 - 4*v**y + v**2 - 7*v**2 - 3*v + 9*v**2. What is n(-5)?
-12
Suppose 1388 = -35*v + 2193. Let h(k) = -14*k + 327. Determine h(v).
5
Let u(i) = -4*i - 19. Let k(z) = -1. Let v(f) = -4. Let m(r) = -5*k(r) + v(r). Let x(a) = -6*m(a) + u(a). Determine x(-6).
-1
Let g(f) = 3*f**2 - 5*f - 1. Let r(l) be the second derivative of l**4/12 - l**3/3 + 5*l - 2. Let v(s) = -4*g(s) + 11*r(s). Determine v(-3).
1
Suppose 0 = 2*f + f - 435. Suppose 5*m = -15 - f. Let l be (8/m)/(2/(-8)). Let t(o) = o. Calculate t(l).
1
Let z be (-4)/(-12) - (34/(-3))/2. Let k(v) = 1 - 125*v**2 - 5*v + 126*v**2 + v. Calculate k(z).
13
Let x(r) = r**3 + 12*r**2 - 4*r - 12. Let h(p) = p**2 + 65*p + 738. Let g be h(-15). Determine x(g).
36
Let y be (-12)/(-126)*7 + (-49)/(-3). Suppose 0 = -12*a + y*a + 20. Let h(m) = m**2 + 9*m + 1. Determine h(a).
-19
Let p(c) = -2*c - 11. Let s(t) = 15*t + 2. Let i(d) = -4*d. Let m(g) = 22*i(g) + 6*s(g). Suppose x - 5 = 1. Let u(j) = x*p(j) + 5*m(j). Calculate u(-5).
4
Let x(l) = -13*l**2 + l + 1. Suppose -3*u - 168 = 5*u. Let r(k) = k + 25. Let y be r(u). Suppose -4*v = -3*q - 15, -y*v + 9 = -q + 4*q. Determine x(q).
-13
Let w(x) = -x**3 + 22*x**2 - 23*x + 53. Let t = 3504 + -3483. Determine w(t).
11
Suppose -4*n = -4*v - 6*n - 8, 0 = 4*n. Let p(c) = -13*c**2 - 2*c - 10. Let x(i) = -7*i**2 - i - 6. Let b(d) = 4*p(d) - 7*x(d). What is b(v)?
-8
Let k(y) = 13*y**3 - 3*y**2 + 4*y - 2. Let n be k(2). Suppose -3*o - 3*x + 7 = -n, -5*o + 4*x = -175. Let a = o - 30. Let p(z) = -z - 2. Give p(a).
-7
Let l(y) = -7*y - 24. Let p(b) = 4*b + 26. Let g(j) = 3*l(j) + 2*p(j). Determine g(-2).
6
Let d = -546 - -910. Let g(x) = -362 + 5*x + d - 4*x. What is g(5)?
7
Let g(k) = 140*k + 720. Let p be g(-5). Let d(z) = 2*z - 42. What is d(p)?
-2
Let f(n) be the third derivative of 3*n**4/8 + n**3/3 + 364*n**2 + 1. Determine f(1).
11
Let m(n) = 33*n + 1. Let s(d) = -98*d + 1. Let o(z) = -3*m(z) - s(z). Calculate o(3).
-7
Let b = 170 - 167. Suppose 4*l = -5*v - 30 - 21, -24 = b*l - v. Let m(d) = -d**3 - 9*d**2 + 2*d - 2. Give m(l).
-20
Let l(i) = 2*i - 94 + 86 + 2. What is l(-8)?
-22
Let v = -32 + 39. Let l(m) = -3*m - 7. Let w(o) = -19*o - 37. Let r(y) = -6*l(y) + w(y). What is r(v)?
-2
Let y be (3/6)/(10/15240). Let p = y - 763. Let z(u) = 27*u**3 + u**2 + u + 1. Determine z(p).
-26
Let l(f) = -59*f + 3. Let z(o) = -o - 3. Let y(v) = -l(v) - 2*z(v). What is y(-1)?
-58
Let w(d) = -6*d + 5. Let i(o) = 1 - 2071*o**2 - 2*o + o + 2072*o**2. Let s(r) = 4*i(r) - w(r). Calculate s(2).
19
Let k(h) = 21*h + 8. Suppose 2*m + 721*f = 718*f - 31, -2*m + 3*f = -11. Calculate k(m).
-97
Let q(j) be the second derivative of -j**4/12 + 5*j**3/6 + 5*j**2/2 + 31*j - 10. Let v = -13 + 18. Give q(v).
5
Suppose 2*w + s + 1414 = 1425, -3*s + 28 = w. Suppose -3*p = 2*p - 15. Let u(m) = p - 6*m - 2 + 3*m. What is u(w)?
-2
Let a(j) = j**2 - 21*j + 70. Let o be a(18). Let s be 1 + -1 - (-9 + o/4). Let f(i) = 3 + 3*i - 4*i + 3*i. Determine f(s).
13
Suppose -5*z = l - 18, -3*z = -2*z + 2*l. Let y = -47 - -104. Let p(m) = 22*m - y*m + 19*m + 15*m. Give p(z).
-4
Let m(j) = 21 - 7*j + 1 + 8 - 3*j**2 - 10. What is m(2)?
-6
Suppose -11 = -3*m - d - 0, 2*m - d = 4. Let i(q) = 4 + m*q - 5*q - 9*q - q**3 + 2*q + 13*q - 7*q**2. What is i(-8)?
36
Let u(x) = x**2 - 9*x. Let q be u(0). Let v(i) = -i - 20. Let t(c) = 2*c + 40. Let a = 36 - 25. Let o(l) = a*v(l) + 6*t(l). Calculate o(q).
20
Let k be ((-6)/5)/(516/(-3440)). Let i(r) = r**2 - 7*r + 1. Determine i(k).
9
Let q(y) = 27*y + 1. Suppose -66 = 14*p - 25*p. Let v(h) = 14*h + 1. Let s(c) = p*q(c) - 11*v(c). Calculate s(2).
11
Suppose -5*r + r = 2*k - 50, 4*r - 2*k - 62 = 0. Let o(l) = -6*l + 1 + 12*l**2 - l**3 + 6*l - 30*l + 12*l - r. What is o(10)?
7
Suppose -35*f + 128 = -29*f + 58*f. Let q(y) = 8*y**3 + 2. What is q(f)?
66
Suppose 11*p = -389 - 128. Let v = 78 + p. Let d(t) = 1 + v*t + 3 - 32*t. What is d(3)?
1
Suppose -8*u = 6 + 10. Let d be 44/(-6) + u/(-6). Let z(x) = 0 - x + 6 - 4. Calculate z(d).
9
Suppose -2*h + 2*p = 6, -5*h + 20*p - 19*p - 7 = 0. Let k(n) = -60*n - 53. Determine k(h).
7
Let g(h) = -2*h - 7. Let i be ((-26)/65)/(1/(-5)). Let l be (4 - i)*(-2)/4*-2. Suppose -5 = -l*v + 5. Give g(v).
-17
Let c(q) = 7*q**3 - 33*q**2 - 6*q - 48. Let w(i) = 3*i**3 - 13*i**2 - 2*i - 19. Let g(d) = 5*c(d) - 12*w(d). Calculate g(-7).
-68
Let h(z) = 3*z**3 - 56*z**2 - 49*z + 31. Let d(u) = -u**3 + 19*u**2 + 16*u - 9. Let l(c) = -8*d(c) - 3*h(c). Give l(17).
13
Let g(w) = w - 1. Let s be -77 + 8 - 1*-1. Suppose 2980 - 3272 = -4*x. Let j = x + s. Determine g(j).
4
Let v(p) = -p**3 + 13*p**2 + 12*p - 2. Let s be (6/21 + (-124)/(-56))/((-60)/(-336)). Determine v(s).
-30
Let n(q) = 13*q**3 + 34*q**2 + 46*q - 4. Let r(x) = 2*x**3 + x**2 - x. Let c(d) = -n(d) + 6*r(d). Calculate c(-26).
4
Let h(p) = p**3 + 2*p**2 - 2. Let m be h(-2). Let y(i) = -4*i - 6. Let f be y(m). Let n(w) = -15 + w**3 + 1 + 6*w**f + 5 + 3. Give n(-6).
-6
Suppose -15 + 9 = -3*v. Let p be -2*9/(-12)*v - 1. Suppose -11 = -9*b - p*b. Let a(z) = z**2 - z + 1. Give a(b).
1
Let n(g) = -g**3 + 8*g**2 + 8*g + 6. Let l(y) = -242*y + 23 + 109*y + 134*y. Let j be l(-14). Give n(j).
-3